5*o + 10 = 0, 2*o - 50 = -m - 4*m. Suppose -4*c + 2*k - m = -68, -55 = -5*c - k. What is the remainder when c is divided by d?
2
Suppose 33*k - 1496 = 191 + 128. Suppose l - a - 272 = 0, 0*l + a = 4*l - 1094. Calculate the remainder when l is divided by k.
54
Let w be 9/(-12) - 3195/(-20). Let m be 3/15 - 357/(-15). Suppose -5*d + w - m = 4*o, 2*d + 114 = 4*o. What is the remainder when o is divided by 9?
3
Let d be (-408)/24 - (-3)/((-6)/4). Let b be 123/(6/27 - d/36). Suppose -b = -t - 3*t. What is the remainder when 79 is divided by t?
38
Suppose -12*c + 449 = -372 + 197. Let d = -27 - -52. Calculate the remainder when c is divided by d.
2
Let n = -1973 - -2062. Calculate the remainder when n is divided by 27.
8
Suppose -8 = -2*k, -77 = -6*x + 3*x - 2*k. Suppose 69*a = 72*a - 51. Let u = 33 - a. Calculate the remainder when x is divided by u.
7
Calculate the remainder when 849 is divided by ((-250)/(-175))/(80/784).
9
Suppose o - 2*k = 7, k + 1 = -o + 17. Calculate the remainder when 10463 is divided by o.
11
Suppose -148*u + 150*u - 38 = 0. Suppose s = -361 - 246. What is the remainder when (-4)/22 + 0 - s/11 is divided by u?
17
Suppose 3*d - 1068 = 3*a + a, 4*a = -3*d + 1092. Suppose -4*s - 2*u + d = -0*u, 2*u - 182 = -2*s. What is the remainder when s is divided by -5*21/6*(-12)/7?
29
Let m = 604 + 12. Suppose 43*i - m = 29*i. What is the remainder when i is divided by 0/(-2) - 2*-5?
4
Suppose -2*k + 52 = 3*v, 5*k - 13 = 4*v - 5*v. Suppose v = -17*t + 4319. What is the remainder when t is divided by 17?
15
Let b(j) = 49*j + 5. Let l(p) = -60*p - 4. Let f(n) = -5*b(n) - 4*l(n). Suppose -2*a = -a + 8. Calculate the remainder when 90 is divided by f(a).
28
Suppose -4*j - i = j - 262, 2*j = -4*i + 94. Suppose j + 237 = 5*r. What is the remainder when 228 is divided by r?
54
Let w = 349 + -328. Let m(z) = z**2 + z - 4. Let a be m(-3). Suppose -5*x + a*x = -111. Calculate the remainder when x is divided by w.
16
Let r = 7 + -7. Suppose r = -400*s + 397*s + 42. Calculate the remainder when 138 is divided by s.
12
Let j(c) = 4*c**2 - 21*c + 8. Let m be j(5). Suppose m*v + 1856 = 32*v. What is the remainder when v is divided by 35?
29
Suppose -g + 1006 = 2*t - 387, t = 5*g - 7009. What is the remainder when g is divided by 117?
114
Let u be (-3 + 34/(-5) + -3)*-10. Suppose 10*j - 6*j = u. What is the remainder when 284 is divided by j?
28
Let d be (65/(-2))/(17/238). Let q = d + 471. Calculate the remainder when 79 is divided by q.
15
What is the remainder when 73 is divided by (-2486)/(-88) - (2 - (-21)/(-12))?
17
Let c(l) = 149*l**3 + 20*l - 18 - 9*l**2 - 71*l**3 - 79*l**3. Calculate the remainder when (-1 - -7)*15/2 is divided by c(-11).
1
What is the remainder when 648 is divided by ((-448)/(-672))/(2/75)?
23
Let y = 3044 - 2979. Calculate the remainder when 242 is divided by y.
47
Suppose -t - 7 = -4*j - 153, 3*t - 5*j = 361. Let f(o) = 14*o**2 - 2*o - 1. What is the remainder when t is divided by f(-1)?
12
Calculate the remainder when (-43 - -163)*(1 + (-6)/10) is divided by 1 - -1 - (-13 - -13).
0
Let u = 244 - 301. Let s = u - -203. What is the remainder when s is divided by 15?
11
Let d(z) = -3*z**3 - 8*z**2 + 23*z + 1. Let m(p) = -p**3 - 3*p**2 + 8*p. Let g(f) = 6*d(f) - 17*m(f). What is the remainder when 85 is divided by g(-2)?
19
What is the remainder when 140 is divided by (-116)/(-3)*1503/1002?
24
Let j be (-3 - (-12)/4) + -24. Let n = 28 + j. Suppose -4 = c - 0*c, 0 = -5*v + n*c + 111. Calculate the remainder when v is divided by 12.
7
Let l(g) = g**3 - 6*g**2 + 5*g - 21. Let r be (-6)/96*-4*24. What is the remainder when 24 is divided by l(r)?
6
Let w(p) = 45 - 98 - 48 + 76*p. Calculate the remainder when w(13) is divided by 111.
110
Suppose 9*k + 3*y - 9237 = 0, -157 = 3*k + 5*y - 3240. Calculate the remainder when 1031 is divided by k.
5
Let p = -353 - -356. Suppose 18*x - 16*x - 32 = -3*t, 33 = 3*x - p*t. What is the remainder when 70 is divided by x?
5
Let o(u) = u**3 - 6*u**2 + 9*u + 105. What is the remainder when 1364 is divided by o(0)?
104
Suppose 4*v = -4*u - 4, -v + 5*u - 2 = -13. Let k = v - -2. Suppose 0 = -4*d - k*g + 107, d + 3*g - 44 = 8*g. What is the remainder when 201 is divided by d?
27
Suppose 3*b = -q - 3*q + 3412, b + 4*q - 1132 = 0. Calculate the remainder when 147 is divided by b/(-75)*(-10)/4.
33
Let p = -18114 + 24706. Calculate the remainder when p is divided by 22.
14
Calculate the remainder when 75 is divided by (21/(-2))/(3/(-12)).
33
Suppose -2*b + 10 = 0, 1 - 5 = i - b. Let j be -6 - -2 - (-22)/i. Let m = 1 + j. Calculate the remainder when 93 is divided by m.
17
Let t(s) = -510*s + 6181. What is the remainder when t(8) is divided by 8?
5
Suppose 7*d + 5*l - 141 = 0, -43*d - l + 49 = -40*d. Let h(o) = 12*o + 1. What is the remainder when h(3) is divided by d?
11
Suppose 2*k - 72 = -2*k. Let z(g) = -2*g + 50. Let h be z(24). Suppose t - 4*i = 23, -t = -5*t - h*i + 20. Calculate the remainder when k is divided by t.
4
What is the remainder when -1*(-704256)/42 - (-2 + 7) is divided by 12?
11
Let s = 72 + -50. Calculate the remainder when 1053/15*(54 + -49) is divided by s.
21
Suppose 4*w - 885 = -o, -5201*w + 2*o = -5203*w + 456. Let d(i) = 7*i**2 - 3*i + 2. What is the remainder when w is divided by d(3)?
51
Let m(c) = 2*c**3 + 24*c**2 - c + 2. Suppose 3*w + 3*v = 3, 4*v = -3*w + 2*w + 4. Suppose w = a - 4*a + 12. Calculate the remainder when m(-12) is divided by a.
2
Suppose 148*d - 5*i = 144*d + 1074, -2*d + 5*i = -532. Calculate the remainder when d is divided by 60.
31
Let n(s) = 6*s**2 + 134*s - 103. Calculate the remainder when n(-24) is divided by 103.
34
Suppose 24 + 20 = 4*i + 5*m, 2*i - 22 = -m. Calculate the remainder when 66 is divided by -7 + i + 5 + 6.
6
Let l = 69 + -54. Suppose -3*n + 45 = 4*s + 18, n - l = -2*s. Suppose -16*q + 21 = -s*q. What is the remainder when 5 is divided by q?
2
Let h be (588/70)/(3/10). Suppose -275 = -4*r + 25*l - h*l, 3*r - 207 = -2*l. Calculate the remainder when r is divided by 15.
11
Let p(j) = j**3 + 33*j**2 + 102*j + 1392. What is the remainder when p(-27) is divided by 112?
100
Suppose -2*u + 3*u - 14 = -3*w, -u + 5*w = -38. Let q = 17 - 15. Suppose 2*s - 12 - 22 = -2*c, q*s - 39 = -3*c. Calculate the remainder when u is divided by s.
11
Let q = -64 - -36. Let l be (-52)/(-14) + (-8)/q. Suppose -t - t + 4*m = -l, -3*m = -3. What is the remainder when 6 is divided by t?
2
Let v(d) = d**3 + 7*d**2 + 7*d + 15. Let x be v(-6). Suppose -x*i + 1352 = 17*i. What is the remainder when 413 is divided by i?
49
Let m(r) = r**2 - 54*r + 758. What is the remainder when 1618 is divided by m(26)?
28
Suppose 5*s - o = -740, -7 = -5*o - 32. Let x = s + 335. Let b = -22 - -43. What is the remainder when x is divided by b?
18
Let o(v) be the third derivative of -7/6*v**3 + 0*v + 4*v**2 + 1/20*v**5 + 0 - 1/4*v**4. Calculate the remainder when o(6) is divided by 34.
31
What is the remainder when 958 is divided by (-15)/(-2)*(-4 + 10)*(-145)/(-45)?
88
Suppose -7*h + 3346 = -21*h. Let r = -222 - h. What is the remainder when 1 + 1 + (2 - -95) is divided by r?
14
Let i = 4 - 2. Suppose -3*q - 5*h - 5 = -26, 6 = i*h. Suppose -q*t = -3*j + 11, -3*j + 2*t + 16 = t. Calculate the remainder when 27 is divided by j.
6
Suppose 3*g + 4*n - 278 = -n, n + 5 = 0. Suppose k + 472 = 4*y, y - 2*k = -6*k + g. What is the remainder when y is divided by 24?
21
Suppose -3*v - 2*q = -702 + 419, 3*v - 2*q - 275 = 0. What is the remainder when 191 is divided by v?
5
Let x be (-120)/90*(-597)/4. Let f = 301 - x. What is the remainder when f is divided by 26?
24
Suppose -1729 = -16*g - 113. What is the remainder when 2120 is divided by g?
100
Suppose 14*f - 8*f = 60. What is the remainder when 74 is divided by 340/35 - f/(-35)?
4
Suppose 2*q = -4*o + 712, -51*o - 1824 = -5*q - 50*o. What is the remainder when q is divided by 40?
4
Let z(v) = -13*v - 2. Let t be z(-7). Let p = t - 87. What is the remainder when 93 + p + -4 + 2 is divided by 19?
17
Let t(s) = 2*s**3 + 4*s + 2. Let w be t(-3). Let d = w + 68. Suppose -d*n + 38 = -50. What is the remainder when n is divided by 16?
6
Let t = 281 + -271. Suppose -12*y = -98 - t. What is the remainder when 39 is divided by y?
3
Suppose -21*h = 4*d